{"id":2,"date":"2011-01-24T16:11:56","date_gmt":"2011-01-24T16:11:56","guid":{"rendered":"http:\/\/stoertebeker.kkb-clan.de\/wordpress\/?page_id=2"},"modified":"2013-01-30T11:37:09","modified_gmt":"2013-01-30T09:37:09","slug":"eine-seite","status":"publish","type":"page","link":"https:\/\/wp.der-fotopirat.de\/?page_id=2","title":{"rendered":"Who am I?"},"content":{"rendered":"<p>Mein Name ist Norbert, meist St\u00f6rtebeker oder einfach nur St\u00f6rte genannt.<\/p>\n<p>Ich bin Informatikstudent aus Hamburg und fotografiere seit April 2010 mit meiner Eos 500D. Seit dem Fr\u00fchjahr 2012 habe ich auf eine Eos 60D umgesattelt. Um meine Bilder etwas besser zu publizieren habe ich neben einigen Communities diesen Blog er\u00f6ffnet.<\/p>\n<p>Besucht mich auch auf Facebook unter <a title=\"https:\/\/www.facebook.com\/StoertebekerFotografie\" href=\"https:\/\/www.facebook.com\/StoertebekerFotografie\">https:\/\/www.facebook.com\/StoertebekerFotografie<\/a><\/p>\n<p>und hier (outdated): <a title=\"http:\/\/stoertebeker.kkb-clan.de\/minishowcase\" href=\"http:\/\/stoertebeker.kkb-clan.de\/minishowcase\">http:\/\/stoertebeker.kkb-clan.de\/minishowcase<\/a><\/p>\n<p>und hier: <a title=\"http:\/\/digi-fototreff.de\/search.php?search_user=stoertebeker\" href=\"http:\/\/digi-fototreff.de\/search.php?search_user=stoertebeker\">http:\/\/digi-fototreff.de\/search.php?search_user=stoertebeker<\/a><\/p>\n<p>Wenn ihr mehr \u00fcber meine Ausr\u00fcstung erfahren wollt, schaut rechts unter &#8220;Meine Ausr\u00fcstung&#8221; nach.<\/p>\n<p>Wenn ihr mich erreichen wollt, schafft ihr das via mail auf stoertebeker@kkb-clan.de oder in icq: 339672482<\/p>\n<p>mit sonnigen Gr\u00fc\u00dfen &#8211; St\u00f6rtebeker<\/p>\n<p><a href=\"https:\/\/wp.der-fotopirat.de\/wp-content\/uploads\/2011\/01\/IMG_0027_ps1.jpg\" rel=\"lightbox[2]\"><img loading=\"lazy\" decoding=\"async\" class=\"aligncenter size-full wp-image-987\" title=\"IMG_0027_ps1\" src=\"https:\/\/wp.der-fotopirat.de\/wp-content\/uploads\/2011\/01\/IMG_0027_ps1.jpg\" alt=\"\" width=\"427\" height=\"640\" srcset=\"https:\/\/wp.der-fotopirat.de\/wp-content\/uploads\/2011\/01\/IMG_0027_ps1.jpg 427w, https:\/\/wp.der-fotopirat.de\/wp-content\/uploads\/2011\/01\/IMG_0027_ps1-200x300.jpg 200w\" sizes=\"auto, (max-width: 427px) 100vw, 427px\" \/><\/a><\/p>\n","protected":false},"excerpt":{"rendered":"<p>Mein Name ist Norbert, meist St\u00f6rtebeker oder einfach nur St\u00f6rte genannt. Ich bin Informatikstudent aus Hamburg und fotografiere seit April 2010 mit meiner Eos 500D. Seit dem Fr\u00fchjahr 2012 habe ich auf eine Eos 60D umgesattelt. Um meine Bilder etwas &hellip; <a href=\"https:\/\/wp.der-fotopirat.de\/?page_id=2\">Continue reading <span class=\"meta-nav\">&rarr;<\/span><\/a><\/p>\n","protected":false},"author":1,"featured_media":0,"parent":0,"menu_order":0,"comment_status":"open","ping_status":"closed","template":"","meta":{"footnotes":""},"class_list":["post-2","page","type-page","status-publish","hentry"],"_links":{"self":[{"href":"https:\/\/wp.der-fotopirat.de\/index.php?rest_route=\/wp\/v2\/pages\/2","targetHints":{"allow":["GET"]}}],"collection":[{"href":"https:\/\/wp.der-fotopirat.de\/index.php?rest_route=\/wp\/v2\/pages"}],"about":[{"href":"https:\/\/wp.der-fotopirat.de\/index.php?rest_route=\/wp\/v2\/types\/page"}],"author":[{"embeddable":true,"href":"https:\/\/wp.der-fotopirat.de\/index.php?rest_route=\/wp\/v2\/users\/1"}],"replies":[{"embeddable":true,"href":"https:\/\/wp.der-fotopirat.de\/index.php?rest_route=%2Fwp%2Fv2%2Fcomments&post=2"}],"version-history":[{"count":6,"href":"https:\/\/wp.der-fotopirat.de\/index.php?rest_route=\/wp\/v2\/pages\/2\/revisions"}],"predecessor-version":[{"id":10,"href":"https:\/\/wp.der-fotopirat.de\/index.php?rest_route=\/wp\/v2\/pages\/2\/revisions\/10"}],"wp:attachment":[{"href":"https:\/\/wp.der-fotopirat.de\/index.php?rest_route=%2Fwp%2Fv2%2Fmedia&parent=2"}],"curies":[{"name":"wp","href":"https:\/\/api.w.org\/{rel}","templated":true}]}}